 base 2, what is -110010011000110010 + 10100100?
-110010010110001110
In base 7, what is -21204634 + 1?
-21204633
In base 12, what is 7513 + 125?
7638
In base 15, what is -1443ea0 - 3?
-1443ea3
In base 12, what is 5 + -105b537b?
-105b5376
In base 13, what is 792c7 + 26b?
79565
In base 8, what is -257120110 - -6?
-257120102
In base 13, what is -16570a18 - 1?
-16570a19
In base 2, what is -10101011010 + -1010101110010100101?
-1010110000111111111
In base 13, what is -bc - 3182?
-3271
In base 16, what is -90 + -3ff66?
-3fff6
In base 2, what is -1100011001111000 + 100001010100?
-1011111000100100
In base 8, what is 264654 + -6160?
256474
In base 3, what is -122202002111002 - 2?
-122202002111011
In base 7, what is 2514 + 16401?
22215
In base 11, what is a647238 + 2?
a64723a
In base 7, what is -13611 + -614130?
-631041
In base 3, what is -1120222020110101201 - 11?
-1120222020110101212
In base 8, what is 53016 - -400?
53416
In base 10, what is -1688943 + -1?
-1688944
In base 11, what is -a4 + -17951?
-17a45
In base 6, what is -2131120500 + -21?
-2131120521
In base 15, what is -53 - 791223?
-791276
In base 5, what is 2 - -1233200140010?
1233200140012
In base 11, what is 554825 + -15?
554810
In base 3, what is -102200121111 + 21?
-102200121020
In base 2, what is -11 + -11000100100000011101000?
-11000100100000011101011
In base 14, what is -6 + -c0a416?
-c0a41c
In base 2, what is 10111011011111 - 10000111000?
10101010100111
In base 2, what is 100111011011100110011 - -100?
100111011011100110111
In base 14, what is -1b4a84 - 59?
-1b4add
In base 10, what is -2169260 + 4?
-2169256
In base 8, what is -1710735700 + -2?
-1710735702
In base 16, what is 1 + 3444e0?
3444e1
In base 2, what is -10 + 10101101100010010001111011?
10101101100010010001111001
In base 9, what is 0 + 21866251?
21866251
In base 6, what is -2440222 + -30?
-2440252
In base 14, what is 4d29 - -402d?
8d58
In base 3, what is 0 - -111011102212001012?
111011102212001012
In base 9, what is 3 - -6840278?
6840282
In base 4, what is -1030102123 + 10002?
-1030032121
In base 13, what is 17c6ab52 + 5?
17c6ab57
In base 8, what is 4534 - -731215?
735751
In base 7, what is -6140662 - -3514?
-6134145
In base 10, what is -1202 - 2200?
-3402
In base 15, what is -11a - -7a805?
7a6da
In base 6, what is 12545 + -34113?
-21124
In base 10, what is -50827 + 122?
-50705
In base 14, what is 73b4 - 568d?
1b25
In base 11, what is 5 + 4a82499?
4a824a3
In base 10, what is -1 - 4090603?
-4090604
In base 15, what is -7 - -1052d4?
1052cc
In base 5, what is -2003423240 - -142?
-2003423043
In base 13, what is 909 - -10c76?
11882
In base 9, what is 4 - 8614676?
-8614672
In base 9, what is -32085 + -442?
-32537
In base 3, what is 10002201210002012 - 10?
10002201210002002
In base 13, what is 0 + -3b2774b?
-3b2774b
In base 6, what is 1 + 1034231551?
1034231552
In base 6, what is 5315013 + 50?
5315103
In base 5, what is -2232122 + -103401?
-2341023
In base 3, what is -110012 + -10100022?
-10210111
In base 16, what is 1 + 1d608?
1d609
In base 4, what is -13210313113 + 100?
-13210313013
In base 15, what is c6a24e - 2?
c6a24c
In base 4, what is -2020332002103 + 2?
-2020332002101
In base 4, what is 2 + -11010133232321?
-11010133232313
In base 15, what is -271683 + e?
-271674
In base 15, what is -b89c283 - 1?
-b89c284
In base 10, what is 0 - 995608?
-995608
In base 3, what is 20220 - -2111212222?
2112010212
In base 15, what is 34341d1 - 0?
34341d1
In base 16, what is 7 + -26edd6?
-26edcf
In base 7, what is 10 + 105013301?
105013311
In base 14, what is -165b7555 - 4?
-165b7559
In base 10, what is -191 + -8720325?
-8720516
In base 8, what is -333221162 - -3?
-333221157
In base 11, what is 171aa114 + -7?
171aa108
In base 16, what is c - 421ec?
-421e0
In base 2, what is 1000111011100010001011001 + 10101?
1000111011100010001101110
In base 5, what is -133302 - 3014?
-141321
In base 13, what is -180b90 - -7c?
-180b11
In base 16, what is -1b8 + -af92?
-b14a
In base 7, what is -364104216 + -20?
-364104236
In base 7, what is -40432350 + 132?
-40432215
In base 6, what is 2430314223 - -4?
2430314231
In base 6, what is 5 + -1353352?
-1353343
In base 14, what is -2 + 15ac5c8?
15ac5c6
In base 8, what is -1136 + 221026?
217670
In base 14, what is -3 + a002?
9ddd
In base 3, what is 111210201 + 21110200?
210021101
In base 9, what is 7661 - -6165?
14836
In base 14, what is 1ad55b + -10?
1ad54b
In base 9, what is 5 - 217878610?
-217878604
In base 9, what is -404 + -745300?
-745704
In base 13, what is 726452 - 0?
726452
In base 15, what is d7de0 + -35b?
d7a84
In base 6, what is 30545530 - -2?
30545532
In base 9, what is 183710 + 482?
184302
In base 7, what is -11433602 - -161?
-11433411
In base 16, what is -5 - 4a4a18?
-4a4a1d
In base 5, what is 300 - 3011413044?
-3011412244
In base 7, what is -131212 - -10430?
-120452
In base 5, what is 133300044 - 3?
133300041
In base 6, what is 5 - -201111051?
201111100
In base 8, what is 47 - -10535426?
10535475
In base 6, what is 2151503 - -2433?
2154340
In base 13, what is -18cb2 + 264?
-18a4b
In base 14, what is d709c - d2?
d6daa
In base 12, what is 2 - a98a69a?
-a98a698
In base 4, what is -33011021022 - -2?
-33011021020
In base 12, what is -175 - -120404?
12024b
In base 3, what is -120 + 10202102011121?
10202102011001
In base 14, what is -3 - 2482359?
-248235c
In base 6, what is -520 + 34231330?
34230410
In base 10, what is 13426 + -70610?
-57184
In base 10, what is 24038861 - -1?
24038862
In base 11, what is -2403849 + 67?
-2403792
In base 11, what is -4a072 - 9798?
-5885a
In base 10, what is 4635 - 624?
4011
In base 8, what is 52661677 + -6?
52661671
In base 12, what is 9857791 + -2?
985778b
In base 15, what is b35c + -2b37?
8725
In base 15, what is -9d96ce9 + 6?
-9d96ce3
In base 15, what is -7 + abc3a?
abc33
In base 9, what is -20 - 7615443?
-7615463
In base 2, what is 10001011001100000011010 + 100101?
10001011001100000111111
In base 11, what is 2567a + -123?
25557
In base 14, what is -a3b4 + 1b5?
-a1dd
In base 11, what is -443886 + -1a4?
-443a7a
In base 7, what is 214 - -55332340?
55332554
In base 16, what is -1 - 13fe9569?
-13fe956a
In base 3, what is 2002001212 + 2021012?
2011100001
In base 8, what is 0 + 153224335?
153224335
In base 7, what is 103602 + -14620?
55652
In base 11, what is -73238195 + -1?
-73238196
In base 12, what is 4 + -154565b?
-1545657
In base 7, what is 1 - 510311440?
-510311436
In base 7, what is 2036 - 3461?
-1422
In base 15, what is 5390 - -b8?
5458
In base 14, what is 5 - 26c0629?
-26c0624
In base 4, what is -12 - 10203210312?
-10203210330
In base 7, what is 560223 - 25?
560165
In base 5, what is 121 - 1033140214?
-1033140043
In base 9, what is 1085 - 113824?
-112728
In base 12, what is a + 23a978?
23a986
In base 4, what is 210012313311121 + -11?
210012313311110
In base 11, what is 6611552 - 22?
6611530
In base 12, what is -79b20 - -5b1?
-7952b
In base 4, what is 3203 + -13003210?
-13000001
In base 16, what is -5c + 12544?
124e8
In base 15, what is -340eca8 + 6?
-340eca2
In base 16, what is 2b7 + 8c9?
b80
In base 10, what is -12097997 + 5?
-12097992
In base 5, what is 313221313 + -114?
313221144
In base 15, what is -c8 + 107a4?
106cb
In base 2, what is 1101 + -10000011001110001110?
-10000011001110000001
In base 10, what is -2340 + -6582?
-8922
In base 7, what is 1561165344 + 1?
1561165345
In base 11, what is -2491 + -28767?
-30148
In base 10, what is 8880 - 2?
8878
In base 7, what is 266 - -16025354?
16025653
In base 6, what is -21034433404 - -4?
-21034433400
In base 8, what is -42 - -166056?
166014
In base 2, what is -10111000010100110 + -100110?
-10111000011001100
In base 12, what is 496b5393a + 5?
496b53943
In base 10, what is -13030 + -16034?
-29064
In base 16, what is -88cd - a6?
-8973
In base 13, what is -9 + -28b902c?
-28b9038
In base 11, what is -8a70 + -27308?
-35278
In base 13, what is -184311 - 6?
-184317
In base 6, what is -12242213113 - -4?
-12242213105
In base 4, what is -1 - 1331002010102?
-1331002010103
In base 5, what is -1 - -134130212?
134130211
In base 4, what is -32103211230031 + -11?
-32103211230102
In base 14, what is 19d9a - -1165?
1b121
In base 2, what is 1110000001 - -11010000101?
101000000110
In base 12, what is 8 - -124833?
12483b
In base 5, what is -2133 - 1